p**3/6 + 2*p**2 + 3*p. What are the prime factors of k(5)?
2
Suppose -3*p = -3*w - 7*p + 450, 2*w - 3*p - 317 = 0. What are the prime factors of w?
2, 7, 11
Suppose -x + 0 = -3. Suppose 3*o + 87 = x*n, -169 = -5*n - 5*o + 6. What are the prime factors of n?
2
Let m = -158 + 229. What are the prime factors of m?
71
Let l = -156 + 354. What are the prime factors of l?
2, 3, 11
Let r(u) = u**3 - 6*u**2 - 6*u + 9. What are the prime factors of r(7)?
2
Let x(s) = -s - 10. Let p be x(-8). Let j = 8 + -2. Let f = j - p. List the prime factors of f.
2
Let u(o) = 4*o - 5. Let t be u(2). Suppose 2*x - 8 = 0, -3*p + t*x + 10 = -2*x. What are the prime factors of p?
2, 5
Let v = -80 - -130. What are the prime factors of v?
2, 5
Suppose 0 = 3*k - 13*k + 40. What are the prime factors of k?
2
Let w be (-1)/(-2) - 108/8. Let s be (1 - -26) + -4 + 2. Let h = w + s. List the prime factors of h.
2, 3
Let p(b) = 26*b**2 + 2*b. Suppose -2*c = 2 - 0. What are the prime factors of p(c)?
2, 3
List the prime factors of (-3572)/(-44) - (-5)/(55/(-2)).
3
List the prime factors of (-4)/(-6) - (-4122)/54.
7, 11
Suppose 3*t - t = 62. Suppose 11 = -5*y + t. Suppose 0*h = -y*h + 28. What are the prime factors of h?
7
List the prime factors of (-2)/((2/22)/(-13 - -11)).
2, 11
Suppose -3*l + 90 = -8*l. Let j = l - -35. What are the prime factors of j?
17
Let r = -139 - -87. Let f = -14 - -18. What are the prime factors of (-6)/f*r/6?
13
Suppose -x + 2 - 6 = 0, -5*q + 291 = x. Suppose 4*m = -4*t - m + q, -3*t + 2*m = -27. What are the prime factors of t?
11
Let a be ((-9)/(-4))/((-6)/(-16)). Suppose 1 = -2*b + b - 5*v, 4*b - 11 = -5*v. Suppose b*c = a + 10. What are the prime factors of c?
2
Let j be ((-20)/(-6))/(8/384). Suppose 2*s + 32 = n - 3*s, -5*n + j = 4*s. What are the prime factors of n?
2
Let h = 210 - 108. What are the prime factors of h?
2, 3, 17
Let u(t) = -49*t + 4. Let x be u(-8). Let y be (-2)/5 + x/15. Suppose 0 = -5*m + 2*h + 98, -m + 0 = -2*h - y. List the prime factors of m.
2, 3
Suppose 0 = -3*q + 266 + 118. List the prime factors of 4/(-6) - q/(-12).
2, 5
Let n = 8 + -6. Suppose -n*d - 8 = 2. List the prime factors of ((-12)/d)/((-2)/(-10)).
2, 3
Let n be (4/8)/(2/28). Let t be (-46)/(-14) + 4/(-14). Suppose -t*r - 12 = -n*r. List the prime factors of r.
3
Let k(s) = s**3 - 4*s**2 + s + 2. Let a be k(4). List the prime factors of (-1)/a + 201/18.
11
Suppose -3*f = -f - 86. List the prime factors of f.
43
Suppose -2 - 10 = -m. Suppose -3*b = -0 - m. List the prime factors of b.
2
Let d = -7 - -50. Suppose 5*t - 3*g = 39, 2*g - 7 + d = 5*t. Suppose -2*o + t = -4. List the prime factors of o.
5
Suppose -a - 5 = o, 4*o + 12 = 5*a + 37. Suppose -l + 2 + 14 = o. What are the prime factors of l?
2
Let t = 18 - 1. Let w = t + -7. List the prime factors of w.
2, 5
Suppose 4*i + 0*i = 2*v - 162, -5*v + 2*i + 413 = 0. What are the prime factors of v?
83
Let k(t) = -t**3 - 3*t**2 + 2*t + 3. Let j be k(-3). Let a = -27 + 33. Let b = a - j. List the prime factors of b.
3
Let f(r) = -r**3 + 2*r**2 + 2*r - 1. Let v be f(3). What are the prime factors of (-80)/(-25)*(-30)/v?
2, 3
Suppose -4*w + 12 = -g, -5 + 41 = 4*g + 5*w. Suppose -9 - 6 = -g*u - k, 0 = 5*u - k - 21. List the prime factors of u.
2
Let n be 2*3/(-4)*-2. Suppose 4*z = 5*k + 2*z + 11, 0 = n*k - 4*z + 15. What are the prime factors of 7 - (-1)/(1/k)?
2, 3
Let g = 194 + -83. What are the prime factors of g?
3, 37
Let y be 32/6 + 22/33. Suppose 22 + y = 4*f + 3*d, -12 = -3*d. What are the prime factors of f?
2
Let b = 30 - 20. Suppose s + 0*s = b. List the prime factors of s.
2, 5
List the prime factors of ((-60)/(-35))/((-8)/(-84)).
2, 3
Let g = -11 - -8. Let s be g + (47 - 3)/2. Suppose -5*p + 7 = k + s, -2*k + 5*p + 51 = 0. What are the prime factors of k?
13
Suppose 0 = -4*o + 3*a - 9, -a - 29 = 2*o + 2*o. Let u(j) = 2*j**2 + 8*j. Let p be u(o). Suppose -4*w + p = -w. List the prime factors of w.
2
What are the prime factors of 28*(4 + -1 + -1)?
2, 7
Let p(m) = -4*m**3 - m**2 + 1. Let k be p(-1). Suppose 6 = h - 6*j + 5*j, -3*j = 4*h - 52. Let u = h - k. What are the prime factors of u?
2, 3
Let i(r) = 5*r + 37. What are the prime factors of i(11)?
2, 23
Suppose -2*y + 3*l + 19 = 0, 0*y - 3*y = -2*l - 26. What are the prime factors of y?
2
Let b(n) be the first derivative of n**4/4 + 5*n**3/3 + 3*n**2/2 - 4*n - 2. List the prime factors of b(-3).
5
Suppose -3*n = -o - 10, -21 = -n + 3*o - 7. Suppose n*x = -5*h + 16, -h = h - x - 10. List the prime factors of h.
2
Suppose -40 - 10 = 5*b + 5*x, -b = -5*x + 10. Let z be (-12)/b*(-1 + -4). What are the prime factors of ((-6)/5)/(z/45)?
3
Let u(j) = 6*j**2 - 4*j + 2. List the prime factors of u(-5).
2, 43
Suppose 0 = -5*h - 2*u + 39, -h + 5*u = -3 + 6. Let i = 0 + h. What are the prime factors of i?
7
What are the prime factors of 2/(1 - 2) + 22?
2, 5
Suppose 0 = -2*u - 2*u - 28. Let z = u - -9. List the prime factors of z.
2
Suppose 0 = 2*f - 2*l - 72, -3*f + 108 - 3 = -2*l. Suppose 103 = -5*j + f. Let n = j - -23. What are the prime factors of n?
3
What are the prime factors of -3 + (-1 - 2) + 29?
23
Let c = 20 + 9. List the prime factors of c.
29
Suppose 5*h - 3*h = 0. Suppose -5*x + 0*z - z = -66, -3*z - 12 = h. What are the prime factors of x?
2, 7
Suppose -4*a + 5*z - 75 = 0, -5*a + 0*z = -4*z + 105. Suppose -2*t - t = -129. Let d = a + t. What are the prime factors of d?
2, 3
Let y(k) = -k**3 - 15*k**2 - k - 28. List the prime factors of y(-16).
2, 61
Let s(n) = -n**2 - n - 1. Let d be s(0). Let t = d - -8. List the prime factors of t.
7
Suppose -2*k = 4*q - 22 + 2, -3*k = -4*q - 70. Suppose -3*g = -42 + k. What are the prime factors of g?
2
Suppose -4*y = 0, y - 2*y = -5*i + 355. What are the prime factors of i?
71
Let u = 54 + -27. Suppose 0 = 4*p - u - 101. List the prime factors of p.
2
What are the prime factors of (-1)/(213/107 - 2)?
107
Suppose q + 2*q + 2*r + 21 = 0, -4*r = q - 3. Let b = q + 27. What are the prime factors of b?
2, 3
List the prime factors of (-2)/((-33)/31 - -1).
31
Let f = 15 + 15. List the prime factors of f.
2, 3, 5
Let t = 65 + 147. What are the prime factors of t?
2, 53
List the prime factors of (46/4)/(6*3/144).
2, 23
Let g(s) = 224*s**2 - s + 1. Let h be g(1). Suppose o + 3*o = -2*f + 188, -5*o + 3*f + h = 0. List the prime factors of o.
2, 23
Let m be 22/5 - 6/15. Suppose 3 = r - m*r. What are the prime factors of 2/(r + (-13)/(-11))?
11
What are the prime factors of (-5*(-10)/125)/(2/180)?
2, 3
Let i(b) = 20*b - 58. List the prime factors of i(13).
2, 101
Let f(h) = h**2 - 3*h - 4. Let b be f(4). Suppose c - 2*a + b*a = 18, c - a = 14. List the prime factors of c.
2, 5
Suppose 2*k - 2*a = -213 + 579, -2*a = 5*k - 943. List the prime factors of k.
11, 17
Let s be (-196)/11 - 8/44. Suppose -u + 9 + 18 = 0. Let p = s + u. What are the prime factors of p?
3
Let t be (2 - 1) + (-1)/1. Suppose t = -h + 2*h - 5, 2*d = -2*h + 20. Suppose -d*o - y + 20 = -4*y, 3*o - 4*y = 12. What are the prime factors of o?
2
Let r = 9 + -7. Suppose r*j = 4*q - 2, 0*j = -j + q + 3. What are the prime factors of j?
7
Suppose 5*a - 27 = 18. List the prime factors of a.
3
Let a(i) = -7*i - 16. Let p be a(-5). Suppose -3 - p = -j. What are the prime factors of j?
2, 11
Suppose -2*d = -3*f - 11, 4*d - 2*f + 3 = -f. Let s = d - -2. Suppose s = 2*r + 3 - 7. List the prime factors of r.
2
Let h(o) = o**2 - 3*o - 18. Let y be h(6). Let z(q) be the second derivative of -q**4/12 + 9*q**2 + q. What are the prime factors of z(y)?
2, 3
Suppose -6 = -3*t + 3*m, 2*t - 3 = -5*m + 22. Suppose t*j + 288 = -2*n, n = -2*j + 4*n - 100. What are the prime factors of (-2)/7 + (-352)/j?
2, 3
What are the prime factors of 6/2 + 40 + 106?
149
Let d(c) = -c + 3. What are the prime factors of d(-11)?
2, 7
Suppose 174 = 4*d - 114. List the prime factors of d.
2, 3
Let y(v) = 3*v**2 - 3*v - 17. List the prime factors of y(6).
73
Suppose -5*n + 2*m + 146 = -m, 3*n - 76 = -4*m. List the prime factors of n.
2, 7
Let q(f) = f**3 + f**2 + 40. Let h be q(0). Suppose 5*x - 3*g - h = 2*g, 3*x + g = 36. What are the prime factors of x?
11
Suppose 3*c = 6*c - 141. What are the prime factors of c?
47
Let b(n) = 6*n - 12. Let c(j) = -3*j + 6. Let l be 185/20 - 1/4. Let i(z) = l*c(